osite number?
True
Let v(a) = -5*a + a**2 - 3*a - 3*a - 2 + 190*a**3 + 13*a. Is v(1) prime?
True
Let s(a) = 14*a**2 + 5 + 0*a + 4*a + 5*a**2 - 6*a**2. Is s(-6) prime?
True
Suppose 5*x + 3*f = 5*f - 3, -3*f + 2 = -5*x. Is (-1)/((x/4)/(1594/8)) a composite number?
False
Let q(o) = 691*o**2. Suppose 3 = y - 2*r, -3*r - 8 = -4*y - 1. Is q(y) prime?
True
Let w(o) = o**2 + 2*o - 2. Let h be w(5). Let l = h + -35. Is 5/15*(605 + l) prime?
False
Let w(q) = q**2 - 5*q - 6. Let r be w(11). Suppose -5*u - 1100 = -r. Is (-2)/(8/(-12)) - u prime?
True
Let l be 30/25 - 4/(-5). Let i be l/(-2)*(-2 + 2). Suppose -2*z + 0*z + j + 163 = i, -5*z = j - 390. Is z composite?
False
Let m(v) = 10*v + 11*v - 7*v + 3 + 6. Is m(12) a prime number?
False
Suppose 3*d = -d - 5*b + 11282, 2810 = d - 4*b. Is d a composite number?
True
Suppose 2*z = -u + 6*u + 30215, 2*z + u - 30185 = 0. Is z a composite number?
True
Let i = 40 - 35. Suppose 171 - 656 = -i*o. Is o a composite number?
False
Is (-145761)/(-11) + 6 + -8 composite?
False
Let m = -559 + 6048. Is m composite?
True
Let o = -93598 + 164211. Is o prime?
False
Suppose 19*p - 36*p + 125987 = 0. Is p a prime number?
True
Suppose -5*a = -5011 + 326. Suppose 0 = -8*o + 2111 + a. Is o composite?
True
Is ((-2594)/(5*(-3)/(-15)))/(-2) composite?
False
Let h(j) = 8577*j**2 + 6*j - 4. Is h(1) a composite number?
True
Is 0 - 2 - -5 - -3430 prime?
True
Suppose -3409 - 3666 = -m + 3*h, -3*m + 21213 = -3*h. Is m composite?
False
Suppose 2*v + 4*f - 85 = f, 4*f = -4*v + 164. Suppose -4*j + 90 = 5*a - 62, -3*j - v = -a. Is -124*2/(a/(-44)) composite?
True
Suppose 0 = 3*v - 4003 - 947. Suppose -3*n = -432 - v. Is n a prime number?
False
Is 3017 + 6 + 2*-6 prime?
True
Suppose 3*w = 3*g - 2*w - 663, 4*g - 916 = -4*w. Let c = 595 + g. Is c a composite number?
False
Let d be 1*(0 - -3)/1. Suppose -2*l - 12*g = -15*g - 4408, 2201 = l - 3*g. Suppose -i - 1325 = -3*n, d*n - l = -2*n + 2*i. Is n a prime number?
True
Is -11 - (-20 + 0) - -126598 a composite number?
True
Suppose -4*y + 3155 = 4*n + y, n = -2*y + 785. Suppose -5*k = 5340 - n. Let x = -574 - k. Is x composite?
True
Let y(h) be the third derivative of -h**5/30 - 3*h**4/2 - 3*h**3/2 - 14*h**2. Is y(-17) composite?
True
Suppose -15*n + 75271 = -8*n. Suppose -8*x + n = -15015. Is x prime?
True
Suppose -2*h = 3*h - 15, 4*h = g + 9. Suppose q = -0*q + g. Suppose -184 = -q*f - 25. Is f a prime number?
True
Let r(j) be the first derivative of -6*j**2 - 11*j + 3. Let q be r(-14). Let n = -24 + q. Is n a prime number?
False
Let m = -5 + 12. Let j = 27 - m. Is ((-232)/j)/(1/(-5)) a composite number?
True
Suppose -6 = 6*l - 48. Suppose l*u = 2*u + 11215. Is u composite?
False
Suppose -3*a - 2 = -17, 0 = -5*q - 3*a + 35. Suppose -3*v = -3*z + 486, 2*z - 3*z + 177 = -q*v. Is z a prime number?
True
Suppose 0 = 4*o + 20, -2*a - 3*a - 3*o + 2290 = 0. Let g = a - -24. Is g a composite number?
True
Suppose -4*h + 2*h = 3*m - 87, 0 = -3*h - 3*m + 129. Suppose 0 = -6*j - 0 + h. Suppose -8*x = -j*x - 58. Is x prime?
False
Suppose 9*c - 724 = -4396. Suppose 0 = -4*k - y + 2425, 0 = -5*k + 5*y + 2782 + 268. Let h = c + k. Is h a prime number?
True
Suppose a + 121 + 8 = -2*k, -66 = k - a. Let s = -44 - k. Is s a composite number?
True
Let h(a) = -367*a + 94. Is h(-9) composite?
True
Let s(z) be the third derivative of 1603*z**6/60 - 5*z**4/24 + 2*z**3/3 - 38*z**2. Is s(1) a prime number?
False
Let k(a) = 9*a**2 + 2 + a + 9*a**2 - 6*a**2. Let r be k(2). Suppose 2*q - 339 + r = -3*n, -3*n + 299 = -4*q. Is n a composite number?
False
Let h(f) be the first derivative of 44*f**2 - 17*f - 33. Is h(19) composite?
True
Is 18/(-48) - 263590/(-16) a composite number?
True
Suppose 3*x - 20 = 22. Suppose 4*k - x = 2. Suppose k*s - s = 255. Is s a prime number?
False
Let x = -13 - -20. Let a(c) = -c**2 + 8*c - 8. Let r be a(x). Is (2 - 1)*(-103)/r prime?
True
Let r = -13314 + 34831. Is r prime?
True
Let v = 3675 + 8476. Is v prime?
False
Suppose -16 = -5*c + 9. Let m be (22/c)/((-11)/(-330)). Is (2/(-6))/((-4)/m) a prime number?
True
Let r be (-105784)/(-77) - (-4)/22. Suppose -4*b = t - 5853, -r + 24686 = 4*t - 4*b. Is t prime?
False
Suppose -2*o + 151 = -3403. Is o composite?
False
Suppose 3*w + 2*j = 65887, j + 96 - 98 = 0. Is w composite?
False
Suppose r - 5 = -3. Suppose -r = 3*s - 5*s. Let x(u) = 54*u - 1. Is x(s) composite?
False
Let k be ((3 + -5)*15)/(-2). Let b = 20 - k. Let a(w) = w**2 - w - 10. Is a(b) prime?
False
Let u(o) = o + 3. Let n be -3 + 2 - (2 + -8). Let l = n + -2. Is u(l) a composite number?
True
Is (-29269)/(-5) + 1/5 a prime number?
False
Let a(v) = 487*v + 42. Let s be a(7). Suppose 0 = b + 3*c - 1712, s = 2*b + 2*c - 5*c. Is b a prime number?
True
Let v(j) = -669*j - 221. Is v(-10) a composite number?
False
Let a(z) = -z**2 + 7*z - 1. Let p be a(7). Let f be p*(9 + 1 - -2). Is 94 + (-4)/(16/f) prime?
True
Let i(f) = f**3 - 3*f**2 + 2*f + 4. Let j be i(3). Suppose -o + 8635 = j*o. Is o composite?
True
Is (-13245)/(-21) + (-9)/((-315)/10) a prime number?
True
Let h(g) = -97*g - 11. Let k be h(-12). Let m = -654 + k. Is m a composite number?
False
Let h(v) = -v - 4. Let u be h(-6). Suppose u*i = 5*i - 522. Suppose -20 - i = -2*b. Is b prime?
True
Suppose 6737 = 45*p - 1463098. Is p a composite number?
True
Suppose 0 = -b - l - 394, -2*b = -5*b + 5*l - 1190. Suppose 15 = -5*o, -56 = t + 2*o + 190. Let m = t - b. Is m a prime number?
False
Suppose 16 + 183 = -a + 4*n, n = -4*a - 830. Let k(u) = 56*u - 74. Let x be k(9). Let j = x + a. Is j prime?
True
Let r(x) = -6*x**3 - 3*x**2. Let h be r(-2). Suppose -4*o - 5*g = -237, o - h = -5*g + 12. Suppose 5*q - 682 = o. Is q prime?
True
Suppose 8*b - 17849 = -a, -3*b = b - 3*a - 8921. Is b composite?
True
Suppose 5*l + 4*f + 12470 = -f, -5*l + 3*f - 12486 = 0. Let o = l - -5219. Is o a prime number?
False
Suppose 0 = d + 2*h + 170, 2*h = -0*h - 6. Let j = d + 274. Suppose -9*f = -11*f + j. Is f a composite number?
True
Let r(q) = 264*q**2 - 4*q + 9. Is r(6) prime?
False
Suppose 0 = 2*w - 10, -4*o + 1 = -3*w - 664. Let v = o - -153. Is v prime?
False
Let w be 14*(5/(-2) - -3). Suppose -w = -2*n + v, 4 = -3*n - 5*v - 5. Suppose -n*o + 384 = -294. Is o prime?
False
Suppose 39604 = -5*x - 4*c, 5*x + 2*c - 912 + 40524 = 0. Let u = -2187 - x. Is u composite?
False
Is ((-60)/(-75))/((-3)/(-229185)) - -5 prime?
True
Suppose -129113 = -8*w - 8625. Is w composite?
False
Suppose x = -3*p + 12, -4*x + 2 = p + 9. Suppose r + p = -0, o - r = 1054. Is o prime?
True
Is (-4977)/(-9) + (-8)/(-2) composite?
False
Let r = 2 + -2. Suppose 0 = 3*y + 5*m - 29, 14 - 29 = -y - 3*m. Suppose x + 2*a - 5*a - 674 = 0, r = -3*x + y*a + 2028. Is x composite?
False
Is 14583/18*3*2 a composite number?
False
Let b = 55 - 52. Is 9/((-36)/(-1616)) + b a prime number?
False
Let l be ((-212 - -1)/(9/18))/1. Let r = l - -829. Is r a prime number?
False
Suppose 9*b - 4595 = 4*b. Suppose -4*m - m + b = 2*p, -3*m + 547 = -p. Let j = m - -208. Is j composite?
True
Is 10/15 + (-2552176)/(-48) composite?
False
Let g = 125341 - 54356. Is g a prime number?
False
Let a = -498 + 1691. Let g = 1187 + -1881. Let q = a + g. Is q composite?
False
Suppose 3*a - 15723 = -2*x, 3*a - 7*a = -5*x - 20964. Let k = a + -2378. Is k prime?
False
Suppose x + 0*x - 6807 = -5*a, x = -a + 1363. Is a a prime number?
True
Suppose 2*i + 4*v = 6*v + 5890, -4*i + 11782 = -3*v. Is i composite?
True
Let u(b) = 651*b - 6. Let m be u(-3). Is m/(-3) - (7 - (0 + 3)) a composite number?
True
Suppose -23*p + 147872 + 166814 = 0. Is p prime?
False
Suppose -2*v + i - 10 = 0, 5*v - 4*i = -0*v - 31. Is (-4)/(-6) + (-631)/v composite?
False
Is ((-5062)/(-4))/(2/4) a composite number?
False
Let z(r) = 108*r**2 - 9*r + 7. Let w(q) = 325*q**2 - 26*q + 20. Suppose -8 = -4*b, 3*n - b - 1 - 15 = 0. Let c(a) = n*w(a) - 17*z(a). Is c(2) composite?
True
Suppose -p = 10*p - 66. Suppose -8*q + 8 = -p*q, z - 801 = -q. Is z prime?
True
Let o = -25 - -27. Suppose 80 = -2*f + 4*f - 5*v, -2*f + 74 = -2*v. Suppose 0 = o*i - f - 435. Is i a prime number?
False
Let y be 3*-1*(-15)/9. Suppose g + y*z = 789, 2*g - g - 795 = -2*z. Is g a prime number?
False
Let i be 2 + -5 + -1 - -3. Let k = i - -3. Suppose k*q - 159 = q. Is q a prime number?
False
Le